st common divisor of 9 and d.
9
Let p(y) = -29*y + 4. Let s be p(-3). What is the greatest common factor of s and 13?
13
Let c be (-77)/(-33)*(-1 - -10). What is the highest common divisor of 14 and c?
7
Let u = -24 + 10. Suppose -24 = -3*z + 30. Let i = z - u. Calculate the highest common divisor of i and 4.
4
Let m = -3 - -5. Suppose -3*g - 4*o = -25 + 3, 3*g + m*o - 14 = 0. What is the highest common factor of g and 3?
1
Let u(h) = -4*h + 5. Let j be u(-4). Calculate the highest common divisor of j and 42.
21
Let f be 1/(-3) - (-7)/3. Let n be 106 + f*-1 + 0. Suppose p = 8 + 5. What is the greatest common factor of p and n?
13
Let u = -17 + 30. What is the greatest common divisor of 13 and u?
13
Suppose 4*o - 5*j = -3*j + 38, 51 = 3*o + 3*j. Let l = -5 + o. Calculate the highest common divisor of 49 and l.
7
Suppose 4*v + 1 = 2*w - 1, -5*v - 1 = -w. Let t = 44 + -35. What is the greatest common divisor of t and w?
1
Let m(i) be the first derivative of -5*i**2/2 - 12*i - 7. Let w be m(-5). Calculate the highest common divisor of 13 and w.
13
Let g be (-12 + 0)*((-35)/10 + 3). Calculate the highest common factor of g and 48.
6
Let d be 3*1*5*7. Let g be 3/(-12) - (-23)/(-4). Let w be g/((-3)/(84/8)). Calculate the greatest common factor of d and w.
21
Suppose 8 = 3*o + o. Let k be (12 - o)*(-6)/(-5). Let y = 20 + 10. Calculate the highest common divisor of y and k.
6
Suppose -63 = -7*w - 2*w. Let j be (0 + 1)/(2/154). What is the greatest common factor of w and j?
7
Let g be 5/(-20) - 50/(-8). Suppose -10 = 4*u - g*u. Suppose k = 19 - u. What is the highest common factor of k and 28?
14
Let y = 34 + -18. Let m(n) = -n**3 + 2*n**2 + 4*n + 1. Let w be m(3). What is the highest common factor of y and w?
4
Let v = -3 - -8. Suppose -10 = -2*s - 0. Calculate the greatest common factor of v and s.
5
Suppose -15 = -y + 1. Suppose 2*x - 11 = -l, 3*x = 5*l - 0*l - 3. What is the greatest common divisor of x and y?
4
Let t(j) = j**3 + 3*j**2 - 4*j. Let n be t(-3). Let i be 8/n + 26/6. Calculate the highest common factor of 5 and i.
5
Let q(f) = -9*f - 2. Let g be q(-1). What is the greatest common factor of 28 and g?
7
Suppose -355 = -5*i - 130. Let q be (14 + 1)*((-12)/3)/(-12). Calculate the greatest common factor of i and q.
5
Let o(u) = -2*u - 2. Let k(r) = -2*r - 2. Let i(z) = -6*k(z) + 7*o(z). Let g be i(-7). What is the greatest common divisor of g and 24?
12
Let j(p) = 2*p**2 + 3*p + 1. Let q be j(-2). Suppose 0 = -y - q*l, -5*y = l - 7 - 63. What is the greatest common divisor of y and 75?
15
Let z = -54 + 99. Calculate the highest common divisor of 15 and z.
15
Let d = 44 - 31. Calculate the highest common factor of 65 and d.
13
Suppose 5*a + 562 = 3*j, -4*j + j - a + 568 = 0. Suppose 0 = -4*c + 60 + 92. Let t = c + -17. Calculate the greatest common divisor of t and j.
21
Suppose 102 = 4*q - 86. Let j = q + -12. What is the highest common divisor of j and 7?
7
Let p = 17 + -12. Suppose 9*h - 183 + 2118 = 0. Let y be 0 + -1 - h/p. Calculate the greatest common factor of 28 and y.
14
Let t be ((-63)/15)/(2/10). Let q = 41 + t. Suppose -6*r = -r - 25, 0 = 2*l - r - 195. Calculate the highest common factor of l and q.
20
Suppose 317 = 4*d - g, -3*g = -2 - 7. Suppose 4*b - 12 = d. Let r be b/2 + (-1)/2. Calculate the highest common divisor of 11 and r.
11
Let n = 160 + -133. What is the highest common divisor of n and 9?
9
Suppose p + 4*b = -0*p - 12, p + 2*b = -6. Suppose p = -q + 2*s + 15, -71 + 22 = -5*q - 3*s. Calculate the greatest common factor of 22 and q.
11
Let x = 12 - -3. Calculate the highest common factor of x and 165.
15
Suppose -3*i = 5*v - 11, 0 = -2*v + 2*i + 2*i + 20. Suppose -v*m + 21 = -3*m. Calculate the greatest common factor of 7 and m.
7
Suppose 4*i - 3*i - 72 = 0. Calculate the highest common factor of i and 12.
12
Let l be ((-2)/(-2))/1 + 0. Let d(w) = -w + 1. Let s be d(l). Let n(a) = -a**2 + a + 3. Let m be n(s). What is the greatest common divisor of 33 and m?
3
Let h be (-2)/(-2*(-2)/(-10)). Let p = h + -1. Suppose 0 = p*r + 4*o - 4, 4*o + 43 = 3*r - o. What is the highest common factor of r and 42?
6
Suppose 3*s - 4*x = -2*x - 16, x + 1 = -3*s. Let l = 9 + s. Let q(v) = v**3 - 8*v**2 + 7*v + 9. Let o be q(l). What is the greatest common divisor of o and 1?
1
Let w be (160/(-15))/(4/(-6)). Calculate the greatest common factor of 112 and w.
16
Let r be (-2 + 24)/(2 - 4). Let d = r + 15. Suppose 3*p + 86 + 15 = 2*y, -3*y + d*p = -151. Calculate the greatest common divisor of 7 and y.
7
Let g = 5 + -2. What is the greatest common divisor of g and 3?
3
Let b be 2873/119 - (-1)/(-7). Let z = -12 + 20. Calculate the highest common factor of z and b.
8
Suppose -3*i = -7*i + 352. Calculate the highest common divisor of 11 and i.
11
Let m be 9/(-15) + (-2 - 83/(-5)). What is the highest common divisor of m and 42?
14
Suppose 0 = 5*c, -4*b - 5*c = -139 - 293. Calculate the highest common factor of b and 12.
12
Let z = 67 + -50. Calculate the highest common divisor of z and 34.
17
Let l(v) = -v**2 - 4*v + 1. Let y = -6 + 3. Let c be l(y). Let k be 42 + -5 + 3/1. What is the greatest common divisor of k and c?
4
Suppose -28 = -y - 5*i - 2, 0 = -2*y + 2*i + 4. Suppose 5*b - 3*b - 16 = 0. Suppose 2*g - b = 4. Calculate the highest common divisor of y and g.
6
Suppose 0 = 6*j - 2*j - 144. Let g = 4 + j. Suppose z - g = -3*z. Calculate the highest common factor of z and 25.
5
Suppose -7*l + 182 = -6*l. Calculate the highest common divisor of 26 and l.
26
Let z be 1 - (1 + 1) - -3. Suppose 0 = 2*i - 4*i + 74. Suppose 5*b = -0*c - 3*c + i, b - 5*c = 13. Calculate the highest common factor of b and z.
2
Let d be 4/(-10) - 60/(-25). Suppose 0*b - d*y = b - 23, -3*b = 3*y - 57. What is the greatest common divisor of 3 and b?
3
Suppose -5*g = -5*k + 55, -3*k + 1 = -2*k + g. Let s = 10 - k. Calculate the greatest common divisor of 20 and s.
4
Suppose 2*x = x + 96. Let g be (102/(-4))/((-18)/x). What is the highest common divisor of g and 17?
17
Let b(l) = 14*l**3 - l**2 + 2*l - 1. Let c be b(1). Let k = -2 + 4. What is the greatest common factor of k and c?
2
Let i be (9 - 0)*2/2. Suppose -2 = 3*w - 5. Let q be 2/(-2 - -4)*w. What is the highest common divisor of i and q?
1
Suppose 5*m + 1 = 6*m. Suppose 3*k - 7*k = -8. Calculate the greatest common divisor of k and m.
1
Suppose 0 = -3*x + 3*j - 46 + 295, -5*x + 2*j + 430 = 0. What is the greatest common divisor of x and 8?
8
Suppose 2*h - 41 = -5*j, 4*h - 4*j + 9*j - 77 = 0. Suppose 2*s = 3*i - 496, 0*i = i - 3*s - 177. What is the highest common divisor of h and i?
18
Let q be (-24)/14 - 6/21. Let s be 0/(-1) + (-6)/q. Suppose -8 = -b - 2*o + s, -4*b - o = -23. Calculate the greatest common divisor of b and 25.
5
Let h be 6/(-27) - (436/(-18))/1. Suppose -5*x - 522 = -4*n, -403 = -2*n - n - 2*x. Suppose 0 = -3*t + n - 25. Calculate the greatest common factor of t and h.
12
Let x(h) = -h**3 + 4*h**2 + 4*h - 3. Let d be x(4). Calculate the greatest common divisor of d and 52.
13
Let n(h) = h**2 - 8*h + 2. Let q be n(9). What is the highest common factor of 33 and q?
11
Suppose 5*k = k + 832. Calculate the greatest common divisor of 26 and k.
26
Let o be (12/8)/((-3)/(-10)). Suppose f + o = 6*f. What is the greatest common factor of f and 8?
1
Let z(p) = -p**2 + 4*p + 5. Let w be z(5). Suppose w = -t + 5*t - 4*f - 416, f = 0. Let v = 46 + -33. Calculate the highest common divisor of v and t.
13
Suppose 3*g + 2*o = 224, 2*g + 0*o - 149 = -o. Let a be 12/10*10/3. Suppose -g + 18 = -a*j. Calculate the greatest common divisor of 2 and j.
2
Let h(j) = j**2 - j - 7. Let r be h(-7). What is the greatest common divisor of r and 7?
7
Suppose 4*u - 387 = -0*y + y, -390 = -4*u + 2*y. What is the greatest common divisor of u and 64?
32
Let k = 6 + -2. Suppose l + 3*s - k = 8, 0 = -5*l - s + 102. Let n = l - 5. Calculate the greatest common factor of 40 and n.
8
Suppose -57 = -3*l + 3*v, 0 - 22 = -3*l - 4*v. What is the highest common divisor of l and 112?
14
Suppose -3*a = -2*s - 169, 3*a + 5*s + 65 = 4*a. Let c be a + 1*(-2 + 1). What is the greatest common divisor of c and 6?
6
Suppose 0 = 4*q - g - 37, -5*q - 5*g + 21 = -44. Calculate the greatest common factor of 5 and q.
5
Let h be (1 - 0) + 0